**3/2 - 3*l**2 - 28. Give g(4).
-13
Let n(o) = o**3 + 20*o**2 + 17*o - 34. Let y be n(-19). Let q(i) = 0 + 7*i + 2 - i**2 - 2*i. Determine q(y).
6
Let c(u) = -4*u**2 + 14*u - 28. Let x(r) = -r**2 + 5*r - 9. Let h(o) = 2*c(o) - 7*x(o). Determine h(-6).
13
Suppose -5*o + 4*t + 22 = 0, -5*o = -5*t - 10 - 15. Let m(x) = -x**3 - x**2 + 5*x - 2. Give m(o).
-4
Let n(z) = -3*z + z**2 + 3*z + 10*z - 8 - 6*z - 10*z. Suppose 3 = -t + 9. Determine n(t).
-8
Let c(q) = q**3 - 8*q**2 - 8*q - 7. Let i(j) = 3*j**2 - 2*j - 7. Let f be i(-2). Determine c(f).
2
Let k(x) be the second derivative of -x**3 - x**2/2 - 3*x + 41. Let r be 1 + (0 + 1)*0. Determine k(r).
-7
Let m = 71/90 - -2/45. Let c(l) be the third derivative of 0*l - 1/10*l**5 + 0 + 4*l**2 + 1/120*l**6 - m*l**3 + 7/24*l**4. Give c(5).
5
Suppose 2*w - h = -118, 0 = -w + 2*w - h + 57. Let a = w + 56. Let c(l) be the third derivative of l**6/120 + l**5/10 + l**4/8 - l**3/3 + l**2. Calculate c(a).
8
Let b be ((-3)/(-18)*3)/((-3)/18). Let y(r) = r**2 + 3*r + 1. Determine y(b).
1
Suppose 0 = 5*x - 10 - 0. Let t(u) = u - 56*u**2 - 6*u + 57*u**x + 5. Let o be t(5). Let k(y) = y**3 - 4*y**2 - 7*y + 2. Give k(o).
-8
Let n be 10/(-6) - (-4)/6. Let y(p) = -p**2 - p - 3. Let g(f) = f**2 + 4. Let v(h) = 2*g(h) + 3*y(h). Give v(n).
1
Suppose 4*g = 5*x - 3, 3 = -3*g - 0*g + 4*x. Let v(m) = -2 + g + 9*m - m**2 - 7*m + 2*m. Determine v(4).
1
Let v(i) = -i**2 - 8*i - 16. Let z be v(-10). Let l be -3 - (-3)/9*z/(-3). Let o(m) = -16*m**3 + m**2 - m + 1. Give o(l).
-15
Let r(g) be the third derivative of g**5/60 - 7*g**4/24 + g**3/6 - 2*g**2. Let c = 2371 + -2363. What is r(c)?
9
Let y(f) be the first derivative of 0*f**2 + 0*f - 3 - 7/3*f**3 + 1/24*f**4 + 1/120*f**5. Let g(t) be the third derivative of y(t). What is g(-3)?
-2
Suppose 3*t - t + 12 = 3*h, h - 4 = 3*t. Let q(g) be the first derivative of g**4/4 - 10*g - 51. Calculate q(t).
-10
Let s(f) = 2*f - 17. Let a(d) = -12*d + 86. Let j(o) = 3*a(o) + 16*s(o). What is j(-5)?
6
Let f(k) = -11*k**3 - 34*k**2 - 16*k. Let t(c) = -5*c**3 - 16*c**2 - 8*c - 1. Let d(x) = 4*f(x) - 9*t(x). Give d(-7).
2
Let r(q) be the third derivative of q**7/1260 - q**6/240 + q**5/60 + q**4/3 + q**2. Let n(o) be the second derivative of r(o). Determine n(2).
4
Let z(j) = 7*j**3 + 2*j**2 + 3*j - 4. Let s be z(1). Let v(y) = y**2 - 8*y + 8. Determine v(s).
8
Suppose 2 = -2*h - 2*w + 36, 4*w - 54 = -3*h. Let m(d) = -d**3 + d**2 + 2*d**3 + h - 2*d**3. Give m(0).
14
Let q(x) = -3*x - 4. Let v = -243 - -238. Give q(v).
11
Let u(f) = 1 - f**3 - 4*f + 17*f**2 - 9*f**2 + 2 - 3 - 10. Suppose 15 = 3*x + 2*x. Suppose -k + 4 = -x. Give u(k).
11
Let f(u) = -2*u**2 + 23*u - 19. Let v be f(10). Let s(z) = -4*z - 2 + 9*z + v - 6*z. Determine s(4).
5
Suppose 2*v = -2*v + 28. Suppose 0 = v*q + 18 + 3. Let l(n) = -2*n + 1. Let s(t) = -4*t + 1. Let b(d) = -5*l(d) + 2*s(d). What is b(q)?
-9
Suppose -70 = 5*t - 2*x, 3*x + 1 = -t + 4. Let c be ((-1)/2)/((-1)/(-28)). Let b = c - t. Let j(v) = 2*v + 3. Give j(b).
-1
Let z(v) be the first derivative of -v**4/12 - 11*v**3/6 - v**2 + 42. Let q(x) be the second derivative of z(x). What is q(8)?
-27
Let k(i) = 3*i + 2. Let n(z) = 8*z + 6. Let x(w) = 17*k(w) - 6*n(w). Let q = -648 - -654. What is x(q)?
16
Suppose -k + 3*i = -12, -i + 26 = 5*k + i. Let b(m) = -2*m**2 + 13*m - 5. Give b(k).
1
Let p(j) = 7*j**2 + 16*j + 57. Let w(c) = 3*c**2 + 9*c + 26. Let y(b) = 2*p(b) - 5*w(b). Determine y(-11).
6
Let b(h) = 4*h**3 + h**2 + h + 8. Let a(r) = -5*r**3 - 2*r**2 - r - 8. Let o(x) = -5*a(x) - 6*b(x). Determine o(-4).
-4
Suppose 4*l = -0*l + 48. Suppose 3*z = -z + l. Let k(t) = 12 - z - 3*t - 2 + 2*t. Give k(5).
2
Let j = 0 + 0. Let r(c) be the first derivative of -1/3*c**3 + 1/4*c**4 - c - 75 + 1/2*c**2. Calculate r(j).
-1
Let l(a) = -a**3 + 12*a**2 - 19*a - 9. Let v be l(10). Let n(x) = x - 3. Let p be n(7). Suppose 2*y = -3*w + v + p, 0 = -4*w + 12. Let u(m) = 2*m. What is u(y)?
-4
Let p be (9/6)/(3/4). Let c(z) be the third derivative of z**5/20 + z**3/6 + 122*z**2. What is c(p)?
13
Let a = 793 + -799. Let s(k) = -k - 2. What is s(a)?
4
Let d(q) be the first derivative of 0*q**2 - 1/3*q**3 + 0*q + 25. Let k = -7 + 4. Give d(k).
-9
Let d be 1/(0 + (-1)/(-4)). Let u(b) be the second derivative of b**3/2 + 3*b**2/2 - 798*b. What is u(d)?
15
Let a be 1 - ((-2)/1 - 1). Suppose -2*p - p - 6 = 2*g, -a*g = -p - 16. Let o(u) = u**2 + u + 1. Calculate o(g).
13
Let r(m) = m**2 + 8*m + 12. Let z(c) = -c**2 + 5*c + 64. Let x be z(-6). Determine r(x).
0
Let z(o) = -o. Let m be z(5). Let g(h) = 2*h**2 - 246 + h**2 - 4*h**2 - 2*h - h**3 - 5*h**2 + 251. Determine g(m).
-10
Let k(x) = -x + 3. Suppose 5*o - 7 = -2*o. Calculate k(o).
2
Let s(y) = y**2 + 19*y - 11*y - 4*y - 5. Let z be (2 - 0)*(1 + -3). What is s(z)?
-5
Let x(r) = 19*r**3 + 8*r - 12*r**2 - 20*r**3 - 2 + 0 - 19*r. What is x(-11)?
-2
Let c(l) = 86*l + 520. Let y be c(-6). Let s(o) = o**3 - 2*o**2 - 7*o. Give s(y).
4
Let q(y) = -y + 1. Let j(w) = -16*w**2 + 8*w**2 + 0*w + 7*w**2 + 4 - 12*w. Let t be j(-14). Let b = -27 - t. Calculate q(b).
4
Let x be -16 + 13 + (-3 - -12). Let k(s) = -s**2 + 7*s + 2 - 1 + 1. Give k(x).
8
Let o be -3*(5 + 96/(-18)). Let z(b) = -5 + 6 - 80*b**2 + 86*b**2. Give z(o).
7
Let b(v) = v + 137*v**2 - 267*v**2 - v**3 - 48 + 45 + 133*v**2. Give b(0).
-3
Let d(g) = g + 1. Let j(r) = 3*r - 4*r + 11*r + 1 - 4*r. Let b(l) = 10*d(l) - 2*j(l). What is b(6)?
-4
Let x be 6/10 + (-33)/5 + 7. Let y(f) = 9*f + x - 1 - 10*f + 7. Give y(0).
7
Let y(u) be the third derivative of u**6/120 + u**5/20 - 5*u**4/24 - 5*u**3/6 - 3*u**2. Suppose -16 = s + 3*i, 3*i - 18 = -2*s - 38. Calculate y(s).
-1
Let m(h) = h**3 + 6*h**2 - 10*h - 5. Let k = 190 + -197. Calculate m(k).
16
Suppose 3*l = -34 + 49. Let d(q) = -q**2 + 6*q + 4. What is d(l)?
9
Suppose 4*y = -0 + 32. Let f(p) = p**2 - 7*p - 10. What is f(y)?
-2
Let h(z) = -5*z**3 - 14*z**2 + 13*z + 13. Let x(n) = -2*n**3 - 6*n**2 + 5*n + 6. Let k(s) = -3*h(s) + 7*x(s). Determine k(3).
18
Let n be 4/3 - (-14)/21. Let z(p) = -2*p**3 - 2*p**2 + 8*p + 1. Let b(s) = -2*s**3 - 2*s**2 + 7*s. Let h(o) = 4*b(o) - 3*z(o). Determine h(n).
-19
Let w(z) = -z**2 + 2*z - 1. Let d = 5 + -29. Let j = d + 27. Let n = 0 + j. Give w(n).
-4
Let r(h) = -h**3 + 4*h**2 + 2*h - 6. Suppose -5 = 7*d - 2*d. Let n be (d - 1) + (-6 - -12). Suppose n*g = -g + 20. Give r(g).
2
Let o(f) = 2*f**3 - f**3 + 5*f**2 - 3 - f**2 - 3*f. Suppose 6*u + q - 74 = 3*u, -3*u + 5*q = -80. Suppose -5*d + u = 0, 4*m + 26 = -0*m + 2*d. Give o(m).
9
Let q be -6*(-4)/8 + 2. Let f be (-2)/7*(-2 - q). Let o(t) = -6*t**2 + 2*t**f - 5*t + 3*t**2. Calculate o(-6).
-6
Let f(m) = m**2 + 10*m + 2. Let l(w) = w**2 + 8*w + 2. Suppose -7*j = -2*j - 15. Let s(z) = j*f(z) - 4*l(z). Suppose 8 = -2*y - 0*y. Determine s(y).
-10
Let n(h) = 4*h + 3. Let s be (1/(-3))/(2/(-48)). Suppose -4*z = 16 - s. Determine n(z).
-5
Let a(d) = -d**3 + 2*d**2 - 4*d. Let i(j) = -j**2 - j. Let u(q) = a(q) - i(q). Determine u(3).
-9
Let r(b) = -b**3 + b. Let w(g) = 3*g**3 - 3*g - 1. Suppose 0*o + 18 = -3*o + 5*i, -o - i = 6. Let f(n) = o*r(n) - w(n). Calculate f(2).
19
Let r(p) = p**3 - 6 + 5 + 0. Suppose -5*v + 0 = h - 2, -3*h = v - 6. What is r(v)?
-1
Let x(y) be the third derivative of 0 + 0*y + 1/6*y**4 - 1/6*y**3 - 3*y**2. Let h = 574 + -571. Calculate x(h).
11
Suppose 0 = 7*n - 9*n + 3*a + 5, -5*a - 3 = 2*n. Let m(d) = -d + 0*d - d. What is m(n)?
-2
Suppose 0*a - 2 = a. Let v(j) be the first derivative of -3*j**2 - 1188. Give v(a).
12
Let h(j) be the third derivative of j**6/120 + 3*j**5/10 - 19*j**4/24 - 5*j**3/6 - 3*j**2 - 6. What is h(-19)?
-5
Let d(n) = -8*n**3 + 27*n**2 + 2*n + 45. Let s(m) = -5*m**3 + 13*m**2 + m + 23. Let y(v) = -3*d(v) + 5*s(v). Give y(-16).
-4
Let a = 18 - 15. Let u(i) = i**3 - i**a + 3*i**2 + 85 - 82 + i**3. Suppose 2*z + 20 = -3*h, -3*h + 0*z - 3*z - 24 = 0. Calculate u(h).
-13
Let d(b) = 118*b + 103*b - 219*b - 22. What is d(12)?
2
Let l(y) = -y**3 + 6*y**2 + 12*y - 8. Suppose -4*s + b = -5 - 23, 60 = 5*s + 5*b. Determine l(s).
-40
Suppose i + 162 = 4*t - i, 2*t = 5*i + 69. Let w(j) = -t*j + 83*j + 2 - 42*j. What is w(-5)?
7
Let m(n) = n**3 - 6*n**2 + 3. Let k(l) be the first derivative of 5*l**4/4 - 31*l**3/3 - l**2/2 + 15*l + 16. 